{"id":85,"date":"2023-04-28T21:50:58","date_gmt":"2023-04-28T19:50:58","guid":{"rendered":"https:\/\/bingodorte.nasboks.dk\/?page_id=85"},"modified":"2023-04-28T21:50:58","modified_gmt":"2023-04-28T19:50:58","slug":"daarlige-scorerepliker","status":"publish","type":"page","link":"https:\/\/bingodorte.nasboks.dk\/index.php\/daarlige-scorerepliker\/","title":{"rendered":"D\u00c5RLIGE SCOREREPLIKER"},"content":{"rendered":"\n<p>_________________________________________________________________________________________________________________________________________<\/p>\n\n\n\n<p>Du lugter\u2026 Vi burde tage et bad sammen. <\/p>\n\n\n\n<p>_________________________________________________________________________________________________________________________________________<\/p>\n\n\n\n<p>Din krop er 75% vand og jeg er t\u00f8rstig.<\/p>\n\n\n\n<p>_________________________________________________________________________________________________________________________________________<\/p>\n\n\n\n<p>Jeg er ny her i byen, du kunne vel ikke fort\u00e6lle mig hvor du bor?<\/p>\n\n\n\n<p>_________________________________________________________________________________________________________________________________________<\/p>\n\n\n\n<p>Hvad er det der sidder i dit ansigt? Det m\u00e5 v\u00e6re sk\u00f8nhed!Nu, skal jeg t\u00f8rre det af.<\/p>\n\n\n\n<p>Hov det bliver jo siddende!<\/p>\n\n\n\n<p>_________________________________________________________________________________________________________________________________________<\/p>\n\n\n\n<p>Hey, are you nike?<\/p>\n\n\n\n<p>\u2013 cuz I think we should just do it!<\/p>\n\n\n\n<p>_________________________________________________________________________________________________________________________________________<\/p>\n\n\n\n<p>Er dine for\u00e6ldre retarderet?<\/p>\n\n\n\n<p>\u2013 For du speciel.<\/p>\n\n\n\n<p>_________________________________________________________________________________________________________________________________________<\/p>\n\n\n\n<p>Jeg kan ikke finde et kostume til halloween.<\/p>\n\n\n\n<p> M\u00e5 jeg tage afsted som din k\u00e6reste?<\/p>\n\n\n\n<p>_________________________________________________________________________________________________________________________________________<\/p>\n\n\n\n<p>Skal vi lege brandbil.<\/p>\n\n\n\n<p>-du hyler jeg spr\u00f8jter<\/p>\n\n\n\n<p> <\/p>\n","protected":false},"excerpt":{"rendered":"<p>_________________________________________________________________________________________________________________________________________ Du lugter\u2026 Vi burde tage et bad sammen. _________________________________________________________________________________________________________________________________________ Din krop er 75% vand og jeg er t\u00f8rstig. _________________________________________________________________________________________________________________________________________ Jeg er ny her i byen, du kunne vel ikke fort\u00e6lle mig hvor du bor? _________________________________________________________________________________________________________________________________________ Hvad er det der sidder i dit ansigt? Det m\u00e5 v\u00e6re sk\u00f8nhed!Nu, skal jeg t\u00f8rre det af. Hov det &#8230; <a title=\"D\u00c5RLIGE SCOREREPLIKER\" class=\"read-more\" href=\"https:\/\/bingodorte.nasboks.dk\/index.php\/daarlige-scorerepliker\/\" aria-label=\"Read more about D\u00c5RLIGE SCOREREPLIKER\">Read more<\/a><\/p>\n","protected":false},"author":1,"featured_media":0,"parent":0,"menu_order":0,"comment_status":"closed","ping_status":"closed","template":"","meta":[],"_links":{"self":[{"href":"https:\/\/bingodorte.nasboks.dk\/index.php\/wp-json\/wp\/v2\/pages\/85"}],"collection":[{"href":"https:\/\/bingodorte.nasboks.dk\/index.php\/wp-json\/wp\/v2\/pages"}],"about":[{"href":"https:\/\/bingodorte.nasboks.dk\/index.php\/wp-json\/wp\/v2\/types\/page"}],"author":[{"embeddable":true,"href":"https:\/\/bingodorte.nasboks.dk\/index.php\/wp-json\/wp\/v2\/users\/1"}],"replies":[{"embeddable":true,"href":"https:\/\/bingodorte.nasboks.dk\/index.php\/wp-json\/wp\/v2\/comments?post=85"}],"version-history":[{"count":1,"href":"https:\/\/bingodorte.nasboks.dk\/index.php\/wp-json\/wp\/v2\/pages\/85\/revisions"}],"predecessor-version":[{"id":86,"href":"https:\/\/bingodorte.nasboks.dk\/index.php\/wp-json\/wp\/v2\/pages\/85\/revisions\/86"}],"wp:attachment":[{"href":"https:\/\/bingodorte.nasboks.dk\/index.php\/wp-json\/wp\/v2\/media?parent=85"}],"curies":[{"name":"wp","href":"https:\/\/api.w.org\/{rel}","templated":true}]}}